e -4*m + 9*m - 11 = -4*x, 4*m + j = 0. What is y(x)?
3
Suppose -5*z + u - 110 = -u, -4*u - 140 = 5*z. Let h be 5*(2 - z/(-15)). Let g(y) = -2*y**3 + y**2 - y + 2. Determine g(h).
-12
Let s(y) = y**3 - 4*y**2 + y - 2. Let c(n) = -n**2. Let j(a) = 4*c(a) - s(a). Determine j(2).
-8
Let m(q) = -3*q - 7. Let l(o) = -4*o - 6. Let d(h) = -6*l(h) + 5*m(h). Determine d(-1).
-8
Let v(a) = 3*a - 11. Suppose 2*m - 5*m = -15. Let j be v(m). Let l(g) = 3*g + 2. What is l(j)?
14
Suppose 12 = 5*h - 8. Let f(b) = -b + 2 - h*b + 3*b. Suppose 3*k + 3 + 3 = 0. Calculate f(k).
6
Let f(j) = 2*j**2. Let n be 1*(-2)/(4/2). Let k be 54/12 + n/(-2). Let g = 7 - k. Calculate f(g).
8
Let t = -14 + 15. Let h(i) = 3*i**2 + 1. Give h(t).
4
Let z = -5 + 5. Let l(v) = 3 - v**3 + 0*v**3 + v**3 + v**2 - v + v**3. Determine l(z).
3
Let p(s) = -5*s**2 - 21*s - 15. Suppose -3*d - 14 = 4*x, -3 = 4*d + 2*x - 1. Let h(l) = -2 + 9 - 3 + 5*l + l**2. Let n(v) = d*p(v) + 9*h(v). What is n(5)?
-4
Let h(z) = 3*z - 2 - 5*z + z**3 - z**2 + 4*z**2. Calculate h(-4).
-10
Suppose f - 20 = 6*f. Let y(z) be the first derivative of -z**4/12 - 5*z**3/6 - 2*z**2 - z + 1. Let o(s) be the first derivative of y(s). Give o(f).
0
Let h(u) be the third derivative of u**6/120 + u**5/12 + u**4/12 - u**3/2 + 2*u**2. Determine h(-4).
5
Let p(r) be the third derivative of 0*r - 1/30*r**5 - 5/24*r**4 + 0 - 9*r**2 + 2/3*r**3. Give p(-4).
-8
Let k(v) = -11*v + 3. Let t = -62 + 64. Determine k(t).
-19
Let b(h) = -h**2 + 0 - 9*h + 1 + 10*h + 2. Give b(3).
-3
Suppose -2*i - 40 = -7*i. Suppose a - i = -4. Let c(s) = -a - s**2 + 5*s - 2 + 2. What is c(4)?
0
Let x(z) = -5*z - 5. Let f = -12 + 8. Let d(j) be the third derivative of -7*j**4/12 - 7*j**3/3 - 2*j**2. Let t(y) = f*d(y) + 11*x(y). Calculate t(3).
4
Let g(r) = r**3 - r**2 - r + 1. Let v(y) = y**2 - 2*y - 2. Let m be v(3). What is g(m)?
0
Let i(p) be the first derivative of p**6/120 + p**5/30 - p**4/24 + 2*p**3/3 + 2*p**2 + 9. Let z(a) be the second derivative of i(a). Determine z(-3).
-2
Let v(t) = 4 - 12 + t - 6. Let s be v(0). Let f be s/(-8) - 2/(-8). Let w(x) = -2*x**3 + 4*x**2 - 2*x. Give w(f).
-4
Let q(o) be the third derivative of -o**4/8 - 2*o**3/3 + 7*o**2. Calculate q(-4).
8
Let f(y) = -8*y**2 - y. Suppose 0 + 2 = 2*c. Let l be -2 + c + 0 + 1. Let x be (l - 2*-1) + -1. Determine f(x).
-9
Let m = 6 + 0. Let f(k) = k - m - 3 + 3 + 2 - 3*k**2 - k**3. Give f(-3).
-7
Let c(t) be the second derivative of -t**4/2 - t**3/6 - t**2/2 - 10*t. What is c(-1)?
-6
Let i(x) be the first derivative of -5*x**4/4 - x**2/2 + x + 5. Calculate i(1).
-5
Let o = 58 - 52. Let h(d) = d**2 - 5*d - 6. Determine h(o).
0
Let w be 2/(3/(-3 + 6)). Let m(g) = -2*g**2 - 2*g**2 + 3*g**w + 3*g**2. Calculate m(-1).
2
Let f(t) = 2*t - 1. Let n be f(-1). Let j(r) = -2*r**2 - 5*r - 4. Determine j(n).
-7
Let k(z) = 9*z + 1. Let b(c) = 8*c. Let a(j) = -6*b(j) + 5*k(j). What is a(6)?
-13
Let q = -60 - -56. Let y(b) = b**2 + 6*b + 1. Calculate y(q).
-7
Let i(p) = 2*p - p**2 + p - 4 - 9*p. Determine i(-4).
4
Let g be 5/(-1)*3/3. Let s(f) = -4*f**2 + 5*f - 10. Let o(v) = -v**2 - 1. Let p(b) = g*o(b) + s(b). Calculate p(-6).
1
Let b(g) = g**2 - g - 2. Let j be b(3). Let v(w) = j*w - 6*w + 6*w + w. Calculate v(-1).
-5
Let r(p) = -p - 10. Let g be r(-12). Let a(o) = 4*o - 1. Determine a(g).
7
Let h(r) = 2*r - 3. Let u(p) = -8*p + 12. Let m(f) = 9*h(f) + 2*u(f). Give m(4).
5
Let z(d) be the second derivative of -d**5/6 + d**4/12 - d**3/6 + d**2 - 4*d. Let v(i) be the first derivative of z(i). Give v(1).
-9
Let o(x) be the second derivative of -x**3/6 + 8*x. Let w(m) = 1. Let r(t) = -o(t) + 6*w(t). Let v be 1/(-3) + (-8)/3. Give r(v).
3
Let y(v) = -5*v**2 - v**2 - 6 + 6*v - 2*v**3 + 3*v**3. Let u be 1*(0 - -5) - 1. Suppose u*c = 2*c + 10. What is y(c)?
-1
Let j(w) = -3 - 3*w - 2 + 6*w + 1. Let t be j(3). Let b = t + -7. Let a(r) = -r**2 + 2*r. Calculate a(b).
-8
Suppose 3*t - 3*h - 1 = t, -2*t - 4*h = 6. Let v(x) = x. Let j(i) = 16*i. Let p(b) = -j(b) + 24*v(b). Give p(t).
-8
Let u(s) = s + 10. Suppose -4*a + 2*a - 36 = 4*r, -3*r - a = 26. Calculate u(r).
2
Suppose 2*c - t = -10, 2*t = 2*c - 4*c - 22. Let r(s) = 11*s + 7. Let x(m) = -16*m - 10. Let w(f) = c*r(f) - 5*x(f). Calculate w(-1).
-2
Let t(w) be the second derivative of -7*w**4/12 - w**3/6 + 6*w. Calculate t(-1).
-6
Let d(q) = -q - 6. Let v(c) = c + 5. Let h(s) = 2*s**2 - 4*s. Let w be h(3). Suppose w = i - 2*i. Let f(j) = i*v(j) - 5*d(j). Calculate f(-6).
6
Let j(t) = t**2 - t - 2. Let w be j(-1). Let r(i) be the second derivative of -i**3 + 3*i - 3*i**2 - 1/12*i**4 + w. Determine r(-5).
-1
Let v(u) = -7 + 2*u + u**3 - 3*u + 5*u**2 - 7*u. Let j(q) = -2*q**2 + 24*q - 6. Let f be j(12). Calculate v(f).
5
Suppose 4*d = -3*q - 13, -2*d = -0*q + 2*q + 12. Let m(x) = -x - 4*x + 0*x. Let u(g) = g. Let z(c) = q*u(c) - 2*m(c). Give z(-5).
5
Let y be 3/(-2)*(-30)/9. Suppose -3*r + 2*r + y = 0. Let s(l) = l**2 - 6*l + 3. Determine s(r).
-2
Let h(g) = g + 4. Let r(o) = 3. Let m(u) = -2*h(u) + 3*r(u). Suppose -3*f + 5 - 1 = 2*v, 0 = v + 2*f - 2. Calculate m(v).
-3
Let i be (-6)/(6*5/(-20)). Let c(d) = -d - 3. Determine c(i).
-7
Suppose -54 = -i - 60. Let q(x) = x**2 + 3*x - 4. What is q(i)?
14
Let d(q) be the second derivative of 0 - 3/2*q**2 + 1/12*q**4 - 1/2*q**3 + q. Let m be d(3). Let c(g) = g**3 + 4*g**2 + 3*g + 1. What is c(m)?
1
Let g(s) = -s + 1 + s - 4*s. Let n be 8/12 - (-10)/(-15). Suppose 4*w + 10 = 5*r, -r + n*r + 2 = 4*w. What is g(r)?
-7
Let y(i) be the third derivative of i**7/840 - i**6/120 - 7*i**5/120 - i**4/12 + i**3/3 + i**2. Let g(j) be the first derivative of y(j). Calculate g(5).
13
Let h be 4 + 3 + 3 + -5. Let r(o) = -4*o + h*o + 1 + 2. Let m be (0 - 1)*(0 - 5). Determine r(m).
8
Suppose 13 + 27 = 8*t. Let s(b) = 2 + 3*b - b**2 - 2 + 1. Determine s(t).
-9
Let i = -6 + 3. Let z(a) be the second derivative of -5*a + 2*a**2 + 2/3*a**3 + 0 + 1/12*a**4. Give z(i).
1
Let h(z) = z + 1. Let s be h(1). Let m be -3*(1 + -2 + s). Let t be 3/(-2) + m/(-2). Let j(u) = -u**3 + u**2 - u + 2. Determine j(t).
2
Let s(y) be the second derivative of y**3/6 + 3*y**2/2 + 3*y. Determine s(0).
3
Let l(t) = 3*t - 2. Suppose 2*g - 15 = -g. Let i be 30/(-9)*(-12)/g. Suppose -h = 3*h - i. Give l(h).
4
Let b(s) be the first derivative of s**3 + s**2/2 + 2*s + 3. Let r(o) = -o**2 - o - 1. Let c(x) = -b(x) - 2*r(x). Give c(-2).
-6
Let g = 73 - 70. Let u(c) = 3*c - 3. Calculate u(g).
6
Let h(v) be the first derivative of -v**4/4 - 8*v**3/3 - 3*v**2 - 2. What is h(-7)?
-7
Let y = -5 + 8. Let o(k) = k - k + k**y - 4. Suppose -3*m = m. Determine o(m).
-4
Let x = 20 + -19. Let c(v) = 7*v**2 - 2*v + 1. What is c(x)?
6
Let x(n) = -5*n**2 + 2*n - 1. Let u(w) = w - 3. Suppose -2*f - 4*p + 8 = 0, 2*f + 0*f + 4 = 2*p. Let k be u(f). Let b = -2 - k. Give x(b).
-4
Let q(g) = g. Let s = -17 - -8. Let a = 13 + s. Suppose -u = 3*c - a, 2*u = -2*c - 2*c + 8. What is q(c)?
0
Let t(q) be the third derivative of q**5/60 + q**4/4 + 2*q**3/3 + 44*q**2. Give t(-5).
-1
Let l(v) = -v**3 + 3*v**2 + 4*v + 2. Let d(u) be the first derivative of 4*u**3/3 + 1. Let m be d(1). What is l(m)?
2
Let j(i) = i + 6. Let h(m) = 2*m - 44. Let v be h(19). Determine j(v).
0
Suppose -4*g + 22 = -2*n, -26 = n - 5*g - 6. Let z(w) = 2*w + 21. Let d(h) = h + 10. Let f(x) = -13*d(x) + 6*z(x). Determine f(n).
1
Let x(l) be the third derivative of l**6/120 - l**5/12 + l**4/6 + l**3/6 - l**2. Suppose d + 8 = -3*v, 6*v - 2*v + 20 = d. Determine x(d).
1
Let z = 5 - 4. Let h(m) be the first derivative of m**5/15 + m**4/24 - m**2/2 + 1. Let y(s) be the second derivative of h(s). Determine y(z).
5
Let y(b) = b**2 - 5*b - 8. Let g(o) = 2*o + 3. Let z(f) = -8*g(f) - 3*y(f). Determine z(-3).
-24
Let c be ((-6)/4 - -1)*-6. Let r(a) = -a**2 + 5*a. Calculate r(c).
6
Let h be (5/(-10))/(2/8). Let f(p) be the second derivative of -p**5/20 - p**4/6 + p**3/6 + p**2/2 - p. What is f(h)?
-1
Let m(g) = 13*g**2 + 2*g - 19. Let t(h) = 7*h**2 + h - 10. Let p(c) = 6*m(c) - 11*t(c). Give p(0).
-4
Suppose -4*h + 2*h - 10 = 0. Suppose 5 = 5*n, -2*j + j = -n - 1. Let c(l) = -2*l**2 - 6*l + 3*l**j + l**3 + 3*l**2 - 7. What is c(h)?
-2
Let d(v) = -1 - 1 + 64*v - 71*v. Give d(-3).
19
Let r = 4 + -10. Let o(y) = y**2 + y - 2. Let d(b)